. Suppose -4*n + v = 6. What is the units digit of n?
7
Suppose -2*h - v = -4, 0 = -5*h + 4*v - v - 12. Suppose 19*a - 4*a - 5310 = h. What is the hundreds digit of a?
3
What is the thousands digit of (-5)/((-35)/(-95788))*(4 + -5)?
3
Suppose -4*j + 4*t = -117180, -6*t + 12 - 6 = 0. What is the ten thousands digit of j?
2
Let b = 15112 + 26331. What is the tens digit of b?
4
Let r(u) = 6*u**3 - 14531*u + 14535*u - 3*u**2 - 3*u**3. What is the tens digit of r(2)?
2
Suppose 2*g = 6*g + 5*t - 201, 0 = 2*t + 6. Suppose -k + m - g = 0, m - 3*m = 5*k + 256. What is the tens digit of 28/35*(1 - -4) - k?
5
Suppose 7*l + 70540 = 27*l. What is the units digit of l?
7
Let c(k) = k**2 - 6*k + 8. Let d = -56 + 59. Let b be c(d). Let w(f) = 56*f**2 - 6*f. What is the tens digit of w(b)?
6
Suppose -21*l = -4*l + l - 24354. What is the tens digit of l?
5
Suppose -28*n + 109092 = -65472 + 51980. What is the tens digit of n?
7
Let f(j) be the second derivative of j**4/6 - 13*j**3/2 - 3*j**2 - 13*j - 3. What is the hundreds digit of f(32)?
7
Suppose 0 = 2*y - 23 + 9. Suppose 0 = y*f + 8*f + 5100. Let j = 540 + f. What is the tens digit of j?
0
Suppose 4*w - 5*w = -8*w. What is the tens digit of (3 - w)*(-5 - (-1455)/9)?
7
Suppose 74*v + 1465 = 79*v. Let l = 673 - v. What is the hundreds digit of l?
3
Suppose 660*b = -123*b + 49716585. What is the ten thousands digit of b?
6
Let d(x) = -4*x - 99. Let s be d(-21). What is the units digit of (-1306)/(-4)*s/(45/(-6))?
3
Let z be 8 + (-3938)/(-2) + 0. Let h = z - 758. What is the hundreds digit of h?
2
Suppose -3*c - 37749 = -2*b, 0*b - 9*b + 169839 = -3*c. What is the tens digit of b?
7
Suppose -222*u + 284*u - 4268080 = 0. What is the thousands digit of u?
8
Suppose g + 3*w - 12 = 0, 16 - 1 = g + 2*w. Let l(h) = 28*h - 143. What is the units digit of l(g)?
5
Let t = 55 - 53. Let a(r) = 32*r + 6. Let l be a(t). Let d = -19 + l. What is the tens digit of d?
5
Let g(c) = -c**3 + 17*c**2 + 10*c - 17. Let j be g(17). Suppose 2*i - 81 = i. Let z = j - i. What is the tens digit of z?
7
Suppose 4*m - 34 = 54. Suppose -19*s + m*s = 0. What is the units digit of (86 + -26)*((-3)/(-2) - s)?
0
Suppose 0 = -7*j + 204244 + 173896. What is the tens digit of j?
2
Suppose 17*a - 250590 - 395946 = -181331. What is the tens digit of a?
6
Let r = 1301 - 686. Let x = 1247 - r. What is the hundreds digit of x?
6
What is the ten thousands digit of (-25)/((-2750)/132) - (-235928)/10?
2
Let h(o) = 2*o**3 - 7*o**2 + 4*o + 1. Let x be h(3). Let t be 2/(-3 + 10/x) - -3. What is the tens digit of (t - 1370/(-8)) + (-9)/(-12)?
7
Let k(a) = 2*a + 36*a**2 + 42*a**2 - 6*a**2 - 1. What is the units digit of k(1)?
3
Suppose 12*d - 22 = 38. Suppose 112 = x + r, 3*r = d*x - 10 - 566. Let c = -52 + x. What is the tens digit of c?
6
Suppose -2*r = -0*u + 5*u + 235, r = -u - 119. Let w = r - -122. What is the tens digit of ((-170)/(-425))/(-1*w/(-410))?
8
Let r = -246 + 60. What is the units digit of 6 - 5/(-10)*r*-17?
7
Let j(h) = -6409*h + 621. What is the units digit of j(-6)?
5
Let t(n) = 2*n**3 + 6*n**2 + 3. Let x be t(-3). Suppose -80 = 7*s + x*s. Let d(w) = w**3 + 9*w**2 + 4*w + 5. What is the tens digit of d(s)?
3
Suppose -4*z - 3*g + 5 - 3 = 0, 3*z - 3*g = 12. Suppose 2*y - 2*r = 783 + 77, r = -z*y + 872. Suppose 0*c - 7*c = -y. What is the units digit of c?
2
Suppose -7720 = -o + 2*w, 10 = -59*w + 61*w. What is the units digit of o?
0
Let z = -28982 - -43271. What is the tens digit of z?
8
Suppose -4*b + 3*x + 5857 = 0, -15*b + 1453 = -14*b + 3*x. What is the hundreds digit of b?
4
Let t = -10 + 10. Suppose t = 11*j - 13*j + 18. What is the tens digit of (j/6)/(1/18)?
2
Suppose -15 = 5*k, 21*i - 16*i = k - 12. Let n(d) = -12*d**3 - 4*d**2 - 4*d - 18. What is the tens digit of n(i)?
8
Let z(a) = -5*a**2 - 6*a + 1. Let l(x) = -9*x**2 - 12*x + 1. Let i(c) = -4*l(c) + 7*z(c). Let o be i(-9). Let w = 157 + o. What is the units digit of w?
7
What is the ten thousands digit of -15 + (-37)/(518/(-283108))?
2
Let y(b) = 1371*b + 131. What is the units digit of y(2)?
3
Let w = 3149 + -142. Suppose 481 = 8*g - w. What is the units digit of g?
6
Suppose l = -4*v - 15021 + 125582, 0 = -3*v - 4*l + 82937. What is the tens digit of v?
3
Suppose -2*u + 14 = 2*v, 2*v = -u + 3*v + 3. Let r be 1 + -1 + u/(15/3588). Suppose 476 = 2*j + z, 5*z - r = -5*j + z. What is the tens digit of j?
3
Let g(r) = -3*r**3 - 63*r**2 + 44*r + 95. What is the tens digit of g(-27)?
2
What is the hundreds digit of (3/4 - 28/80)/((-95)/(-1403150))?
9
Suppose -40*a + 928 = 41*a - 55853. What is the tens digit of a?
0
Suppose 28*y + 44 = 16. What is the thousands digit of -11 + 1653 - (-4 + y)?
1
Let p(g) = 853*g + 34. Let h be p(1). Let b = h + -182. What is the units digit of b?
5
Suppose 109*r + c = 105*r + 46988, -4*c = r - 11762. What is the ten thousands digit of r?
1
Suppose 0 = 23*f - 5*f - 4104. Let p(j) = -j**2 + 7*j + 5. Let l be p(7). Suppose -u - f = -l*u. What is the units digit of u?
7
Let j be (-1076)/(-24)*(-10 + 4). What is the units digit of 7/(13 + -6) - j?
0
Let c(a) = -5*a**3 - 3*a**2 - a. Let o be c(-1). Suppose -m + 22*b + 601 = 27*b, o*m + 4*b - 1858 = 0. What is the hundreds digit of m?
6
Let y(n) = -6*n + 1. Let q be (-9 - -4)*7/((-7)/30). Suppose p + q = -9*p. What is the units digit of y(p)?
1
Let a(h) = -h**3 - 9*h**2 + 4*h + 16. Let i be a(-11). Let m = -332 + i. Let k = 225 + m. What is the hundreds digit of k?
1
Let m = 81741 - 30303. What is the ten thousands digit of m?
5
Suppose 3*z = 0, 3*p + p = -4*z - 6136. Let v = p - -2813. What is the thousands digit of v?
1
Let d = 86 - 80. Suppose -q = -5*t + 4, 3*q - 4*t - d - 4 = 0. Suppose 2*s + 7*v - 147 = q*v, -3*v = -3. What is the tens digit of s?
7
What is the hundreds digit of (-171394)/(-355)*(61 - 1 - 0)?
9
Suppose 0*q = -4*q + 2*k - 14, 3*q - 2*k + 11 = 0. What is the hundreds digit of (q/(6/1660))/(-2)?
4
Suppose 24645*g - 24640*g - 74265 = 0. What is the thousands digit of g?
4
Let j be ((-1)/2 + 1)*2 + -1. Suppose -o - 2*o + 30 = j. Suppose 3*b + o = -2*b, 5*l + 3*b = 924. What is the units digit of l?
6
Suppose 4*h - 5*m = 232323, -m + 58065 = -14*h + 15*h. What is the ten thousands digit of h?
5
Suppose -3*o = -2*o - s - 26, -o = -2*s - 29. What is the tens digit of (-515 - 0)/(o - 24)?
1
What is the thousands digit of (920216/352*1*4)/1?
0
Let u be (-7)/(-3) + 14/21. Suppose -1422 = 11*c - 14*c - u*x, -3*x - 973 = -2*c. What is the units digit of c?
9
Let z be (-4)/((-8)/(-4))*1 - 169. Let s = z + 448. What is the tens digit of s?
7
Let t(r) be the third derivative of 11*r**7/2520 - r**6/720 - 13*r**5/60 - 3*r**2. Let d(x) be the third derivative of t(x). What is the units digit of d(5)?
9
Let z = 125 + -103. Let j(t) = 11*t - 74. What is the hundreds digit of j(z)?
1
Let r(l) = l**3 + 14*l**2 + 3*l - 1 + l - 3*l. Let q be r(-14). What is the units digit of -4 - (2 + q + -2)?
1
Let a = 65 - 62. Suppose a = u - 1. Suppose -270 = -3*w + u*x, 0*w + 3*w - 264 = 2*x. What is the units digit of w?
6
Let a(n) = n**3 - 6*n**2 + 4*n + 3. Let q be a(3). Let y be -2 + 9/((-27)/q). Suppose 3*d = -3*s + 402, 5*s - y*d - 2*d - 652 = 0. What is the units digit of s?
2
Let q(u) = -3*u**2 + 6*u + 2177. Let m(d) = 2*d**2 - 4*d - 1452. Let h(c) = 7*m(c) + 5*q(c). What is the tens digit of h(0)?
2
Let k(g) = -2*g**3 - 5*g**2 + 53*g + 279. What is the tens digit of k(-22)?
8
Let a(y) = 6*y**3 + y**2 + y. Let m = 41 - 34. Suppose -21 = -0*h - m*h. What is the units digit of a(h)?
4
Suppose -d + 3*a = -6*d - 42, 2*d + 8 = a. Let w(o) = -4*o**2 + 3*o + 1. Let z be w(d). Let y = 271 + z. What is the units digit of y?
0
Let l(n) = 164*n**2 + 223*n + 97. What is the tens digit of l(-12)?
3
Let d = -322 - -327. Suppose -4*g = 2*z + z - 4935, z + 6183 = d*g. What is the hundreds digit of g?
2
Let h(n) = 19*n - 14. Let t(v) = v - 1. Let f(g) = -2*g + 2. Let j(l) = -4*f(l) - 7*t(l). Let i(w) = h(w) - 5*j(w). What is the units digit of i(4)?
7
Let m(d) = d + 8. Let f be m(-4). Suppose 5*y + 18 = -v - 113, 5*v + 713 = f*y. Let c = v + 243. What is the hundreds digit of c?
1
Suppose 3*d = -d + d. Suppose d = m - 5*u - 31, -24 = 3*m - 3*u - 141. Suppose 12*s - m - 1075 = 0. What is the units digit of s?
3
Suppose 2*g - 3*